{"id":79,"date":"2023-09-25T15:10:53","date_gmt":"2023-09-25T15:10:53","guid":{"rendered":"https:\/\/evanlife.fr\/?page_id=79"},"modified":"2024-09-24T09:17:07","modified_gmt":"2024-09-24T09:17:07","slug":"nous-connaitre","status":"publish","type":"page","link":"https:\/\/evanlife.fr\/?page_id=79","title":{"rendered":"Nous conna\u00eetre"},"content":{"rendered":"<div class=\"wp-block-columns eplus-wrapper is-layout-flex wp-container-core-columns-is-layout-28f84493 wp-block-columns-is-layout-flex eplus-styles-uid-f297c0\">\n<div class=\"wp-block-column eplus-wrapper is-layout-flow wp-block-column-is-layout-flow\" style=\"flex-basis:100%\">\n<div class=\"wp-block-jetpack-tiled-gallery aligncenter is-style-rectangular\"><div class=\"\"><div class=\"tiled-gallery__gallery\"><div class=\"tiled-gallery__row\"><div class=\"tiled-gallery__col\" style=\"flex-basis:33.46657%\"><figure class=\"tiled-gallery__item\"><img decoding=\"async\" srcset=\"https:\/\/i1.wp.com\/evanlife.fr\/wp-content\/uploads\/2023\/09\/IMG_3986-3-1024x768.jpg?strip=info&amp;w=600&amp;ssl=1 600w,https:\/\/i1.wp.com\/evanlife.fr\/wp-content\/uploads\/2023\/09\/IMG_3986-3-1024x768.jpg?strip=info&amp;w=900&amp;ssl=1 900w,https:\/\/i1.wp.com\/evanlife.fr\/wp-content\/uploads\/2023\/09\/IMG_3986-3-1024x768.jpg?strip=info&amp;w=1200&amp;ssl=1 1200w,https:\/\/i1.wp.com\/evanlife.fr\/wp-content\/uploads\/2023\/09\/IMG_3986-3-1024x768.jpg?strip=info&amp;w=1500&amp;ssl=1 1500w,https:\/\/i1.wp.com\/evanlife.fr\/wp-content\/uploads\/2023\/09\/IMG_3986-3-1024x768.jpg?strip=info&amp;w=1800&amp;ssl=1 1800w,https:\/\/i1.wp.com\/evanlife.fr\/wp-content\/uploads\/2023\/09\/IMG_3986-3-1024x768.jpg?strip=info&amp;w=2000&amp;ssl=1 2000w\" alt=\"\" data-height=\"1536\" data-id=\"56\" data-link=\"https:\/\/evanlife.fr\/?attachment_id=56\" data-url=\"https:\/\/evanlife.fr\/wp-content\/uploads\/2023\/09\/IMG_3986-3-1024x768.jpg\" data-width=\"2048\" src=\"https:\/\/i1.wp.com\/evanlife.fr\/wp-content\/uploads\/2023\/09\/IMG_3986-3-1024x768.jpg?ssl=1\" data-amp-layout=\"responsive\" tabindex=\"0\" role=\"button\" aria-label=\"Ouvrir l\u2019image 1 sur 4 en plein \u00e9cran\"><\/figure><\/div><div class=\"tiled-gallery__col\" style=\"flex-basis:33.46657%\"><figure class=\"tiled-gallery__item\"><img decoding=\"async\" srcset=\"https:\/\/i1.wp.com\/evanlife.fr\/wp-content\/uploads\/2023\/09\/20220727_142251-3-1024x768.jpg?strip=info&amp;w=600&amp;ssl=1 600w,https:\/\/i1.wp.com\/evanlife.fr\/wp-content\/uploads\/2023\/09\/20220727_142251-3-1024x768.jpg?strip=info&amp;w=900&amp;ssl=1 900w,https:\/\/i1.wp.com\/evanlife.fr\/wp-content\/uploads\/2023\/09\/20220727_142251-3-1024x768.jpg?strip=info&amp;w=1200&amp;ssl=1 1200w,https:\/\/i1.wp.com\/evanlife.fr\/wp-content\/uploads\/2023\/09\/20220727_142251-3-1024x768.jpg?strip=info&amp;w=1500&amp;ssl=1 1500w,https:\/\/i1.wp.com\/evanlife.fr\/wp-content\/uploads\/2023\/09\/20220727_142251-3-1024x768.jpg?strip=info&amp;w=1800&amp;ssl=1 1800w,https:\/\/i1.wp.com\/evanlife.fr\/wp-content\/uploads\/2023\/09\/20220727_142251-3-1024x768.jpg?strip=info&amp;w=2000&amp;ssl=1 2000w\" alt=\"\" data-height=\"1920\" data-id=\"51\" data-link=\"https:\/\/evanlife.fr\/?attachment_id=51\" data-url=\"https:\/\/evanlife.fr\/wp-content\/uploads\/2023\/09\/20220727_142251-3-1024x768.jpg\" data-width=\"2560\" src=\"https:\/\/i1.wp.com\/evanlife.fr\/wp-content\/uploads\/2023\/09\/20220727_142251-3-1024x768.jpg?ssl=1\" data-amp-layout=\"responsive\" tabindex=\"0\" role=\"button\" aria-label=\"Ouvrir l\u2019image 2 sur 4 en plein \u00e9cran\"><\/figure><\/div><div class=\"tiled-gallery__col\" style=\"flex-basis:14.18884%\"><figure class=\"tiled-gallery__item\"><img decoding=\"async\" srcset=\"https:\/\/i1.wp.com\/evanlife.fr\/wp-content\/uploads\/2023\/09\/20230817_095219-1-576x1024.jpg?strip=info&amp;w=600&amp;ssl=1 600w,https:\/\/i1.wp.com\/evanlife.fr\/wp-content\/uploads\/2023\/09\/20230817_095219-1-576x1024.jpg?strip=info&amp;w=900&amp;ssl=1 900w,https:\/\/i1.wp.com\/evanlife.fr\/wp-content\/uploads\/2023\/09\/20230817_095219-1-576x1024.jpg?strip=info&amp;w=1200&amp;ssl=1 1200w,https:\/\/i1.wp.com\/evanlife.fr\/wp-content\/uploads\/2023\/09\/20230817_095219-1-576x1024.jpg?strip=info&amp;w=1440&amp;ssl=1 1440w\" alt=\"\" data-height=\"2560\" data-id=\"55\" data-link=\"https:\/\/evanlife.fr\/?attachment_id=55\" data-url=\"https:\/\/evanlife.fr\/wp-content\/uploads\/2023\/09\/20230817_095219-1-576x1024.jpg\" data-width=\"1440\" src=\"https:\/\/i1.wp.com\/evanlife.fr\/wp-content\/uploads\/2023\/09\/20230817_095219-1-576x1024.jpg?ssl=1\" data-amp-layout=\"responsive\" tabindex=\"0\" role=\"button\" aria-label=\"Ouvrir l\u2019image 3 sur 4 en plein \u00e9cran\"><\/figure><\/div><div class=\"tiled-gallery__col\" style=\"flex-basis:18.87802%\"><figure class=\"tiled-gallery__item\"><img decoding=\"async\" srcset=\"https:\/\/i2.wp.com\/evanlife.fr\/wp-content\/uploads\/2023\/09\/received_1612304309242112-5-768x1024.jpeg?strip=info&amp;w=600&amp;ssl=1 600w,https:\/\/i2.wp.com\/evanlife.fr\/wp-content\/uploads\/2023\/09\/received_1612304309242112-5-768x1024.jpeg?strip=info&amp;w=900&amp;ssl=1 900w,https:\/\/i2.wp.com\/evanlife.fr\/wp-content\/uploads\/2023\/09\/received_1612304309242112-5-768x1024.jpeg?strip=info&amp;w=1200&amp;ssl=1 1200w,https:\/\/i2.wp.com\/evanlife.fr\/wp-content\/uploads\/2023\/09\/received_1612304309242112-5-768x1024.jpeg?strip=info&amp;w=1500&amp;ssl=1 1500w,https:\/\/i2.wp.com\/evanlife.fr\/wp-content\/uploads\/2023\/09\/received_1612304309242112-5-768x1024.jpeg?strip=info&amp;w=1536&amp;ssl=1 1536w\" alt=\"\" data-height=\"2048\" data-id=\"17\" data-link=\"https:\/\/evanlife.fr\/?attachment_id=17\" data-url=\"https:\/\/evanlife.fr\/wp-content\/uploads\/2023\/09\/received_1612304309242112-5-768x1024.jpeg\" data-width=\"1536\" src=\"https:\/\/i2.wp.com\/evanlife.fr\/wp-content\/uploads\/2023\/09\/received_1612304309242112-5-768x1024.jpeg?ssl=1\" data-amp-layout=\"responsive\" tabindex=\"0\" role=\"button\" aria-label=\"Ouvrir l\u2019image 4 sur 4 en plein \u00e9cran\"><\/figure><\/div><\/div><\/div><\/div><\/div>\n<\/div>\n<\/div>\n\n\n<figure class=\" wp-block-pullquote has-text-align-center eplus-wrapper\"><blockquote><p><em>Il s&rsquo;agit de l&rsquo;histoire de deux \u00e2mes li\u00e9es \u00e9ternellement par le lien du sang, par la maladie, par leur destin, leurs craintes, leurs \u00e9clats de rire, leur soif de vivre. Elles aspirent \u00e0 inscrire le bonheur dans une aventure sans fin, explorant des paysages \u00e0 la fois ordinaires et extraordinairement singuliers par moments&#8230;<\/em><br><br><em>Au fil de ces pages, nous souhaitons vous d\u00e9voiler nos \u00e9tats d&rsquo;\u00e2me, nos sourires, nos vuln\u00e9rabilit\u00e9s. Le r\u00e9cit d&rsquo;une part de vie, mais pas dans son int\u00e9gralit\u00e9. Ce serait excessivement indiscret. Nous optons plut\u00f4t pour l&rsquo;essentiel, juste ce qu&rsquo;il faut pour susciter votre int\u00e9r\u00eat \u00e0 nous suivre, peut-\u00eatre m\u00eame \u00e0 croiser nos chemins si l&rsquo;envie vous en prenait. Nous d\u00e9sirons vous offrir l&rsquo;opportunit\u00e9 de nous conna\u00eetre \u00e0 travers nos p\u00e9riples et nos d\u00e9couvertes. <\/em><br><em><br>Pourquoi ? Pour immortaliser l&rsquo;intense bonheur et la fiert\u00e9 que procure le fait d&rsquo;\u00eatre le p\u00e8re d&rsquo;une telle princesse. Pour tisser des liens communs avec ceux que nous ch\u00e9rissons. Et peut-\u00eatre, par-dessus tout, pour maintenir notre foi en la profondeur, la sinc\u00e9rit\u00e9, la v\u00e9rit\u00e9 que l&rsquo;humanit\u00e9 peut \u00e9veiller en nous. Nous attendons avec impatience de croiser votre route, sur les chemins, nous, notre van&#8230; et vous.<br><br>A Eva-Lyne<\/em><\/p><\/blockquote><\/figure>\n","protected":false},"excerpt":{"rendered":"<p>Il s&rsquo;agit de l&rsquo;histoire de deux \u00e2mes li\u00e9es \u00e9ternellement par le lien du sang, par la maladie, par leur destin, leurs craintes, leurs \u00e9clats de rire, leur soif de vivre. Elles aspirent \u00e0 inscrire le bonheur dans une aventure sans fin, explorant des paysages \u00e0 la fois ordinaires et extraordinairement singuliers par moments&#8230; Au fil de ces pages, nous souhaitons vous d\u00e9voiler nos \u00e9tats d&rsquo;\u00e2me, nos sourires, nos vuln\u00e9rabilit\u00e9s. Le r\u00e9cit d&rsquo;une part de vie, mais pas dans son int\u00e9gralit\u00e9. Ce serait excessivement indiscret. Nous optons plut\u00f4t pour l&rsquo;essentiel, juste ce qu&rsquo;il faut pour susciter votre int\u00e9r\u00eat \u00e0 nous suivre, peut-\u00eatre m\u00eame \u00e0 croiser nos chemins si l&rsquo;envie vous en prenait. Nous d\u00e9sirons vous offrir l&rsquo;opportunit\u00e9 de nous conna\u00eetre \u00e0 travers nos p\u00e9riples et nos d\u00e9couvertes. Pourquoi ? Pour immortaliser l&rsquo;intense bonheur et la fiert\u00e9 que procure le fait d&rsquo;\u00eatre le p\u00e8re d&rsquo;une telle princesse. Pour tisser des liens communs avec ceux que nous ch\u00e9rissons. Et peut-\u00eatre, par-dessus tout, pour maintenir notre foi en la profondeur, la sinc\u00e9rit\u00e9, la v\u00e9rit\u00e9 que l&rsquo;humanit\u00e9 peut \u00e9veiller en nous. Nous attendons avec impatience de croiser votre route, sur les chemins, nous, notre van&#8230; et vous. A Eva-Lyne<\/p>\n","protected":false},"author":1,"featured_media":0,"parent":0,"menu_order":2,"comment_status":"closed","ping_status":"closed","template":"","meta":{"editor_plus_copied_stylings":"{}","footnotes":""},"class_list":["post-79","page","type-page","status-publish","hentry"],"jetpack_sharing_enabled":true,"_links":{"self":[{"href":"https:\/\/evanlife.fr\/index.php?rest_route=\/wp\/v2\/pages\/79","targetHints":{"allow":["GET"]}}],"collection":[{"href":"https:\/\/evanlife.fr\/index.php?rest_route=\/wp\/v2\/pages"}],"about":[{"href":"https:\/\/evanlife.fr\/index.php?rest_route=\/wp\/v2\/types\/page"}],"author":[{"embeddable":true,"href":"https:\/\/evanlife.fr\/index.php?rest_route=\/wp\/v2\/users\/1"}],"replies":[{"embeddable":true,"href":"https:\/\/evanlife.fr\/index.php?rest_route=%2Fwp%2Fv2%2Fcomments&post=79"}],"version-history":[{"count":12,"href":"https:\/\/evanlife.fr\/index.php?rest_route=\/wp\/v2\/pages\/79\/revisions"}],"predecessor-version":[{"id":274,"href":"https:\/\/evanlife.fr\/index.php?rest_route=\/wp\/v2\/pages\/79\/revisions\/274"}],"wp:attachment":[{"href":"https:\/\/evanlife.fr\/index.php?rest_route=%2Fwp%2Fv2%2Fmedia&parent=79"}],"curies":[{"name":"wp","href":"https:\/\/api.w.org\/{rel}","templated":true}]}}